{"id":2194,"date":"2024-11-01T10:40:45","date_gmt":"2024-11-01T09:40:45","guid":{"rendered":"https:\/\/marcetic.hr\/?page_id=2194"},"modified":"2026-03-14T20:39:33","modified_gmt":"2026-03-14T19:39:33","slug":"o-nama","status":"publish","type":"page","link":"https:\/\/marcetic.hr\/index.php\/o-nama\/","title":{"rendered":"O nama"},"content":{"rendered":"\n<h1 class=\"wp-block-heading has-base-color has-contrast-background-color has-text-color has-background has-link-color wp-elements-4640b89ede0bd1f71520dddbea8c81c1\">O NAMA<\/h1>\n\n\n\n<p>U MAGOSu svakom klijentu pristupamo s jasno\u0107om, predano\u0161\u0107u i dubokim razumijevanjem pravnih izazova s kojima se suo\u010davate. Na\u0161a je misija pojednostaviti pravne procese i pru\u017eiti vam jasnu, stru\u010dno utemeljenu podr\u0161ku \u2014 bilo da se radi o osnovnim pravnim pitanjima ili zahtjevnim postupcima javne nabave.<\/p>\n\n\n\n<p>Svjesni smo da pravna pitanja mogu biti stresna i nejasna, zato komuniciramo razumljivo i bez nepotrebnog \u017eargona, fokusiraju\u0107i se na prakti\u010dna rje\u0161enja koja mo\u017eete primijeniti odmah. Bilo da vam je potrebna pravna analiza, priprema dokumentacije, ili strate\u0161ko savjetovanje prije pokretanja postupka \u2014 uz nas imate partnera koji vas vodi kroz svaki korak.<\/p>\n\n\n\n<p>Na\u0161e usluge temelje se na iskustvu, profesionalnosti i predanosti va\u0161em najboljem interesu. Vjerujemo u transparentnost, jasno\u0107u i povjerenje, a svaki slu\u010daj tretiramo individualno, sa jasnim planom i fokusom na rezultat koji \u017eelite ostvariti.<\/p>\n\n\n\n<h2 class=\"wp-block-heading has-base-color has-contrast-background-color has-text-color has-background has-link-color wp-elements-24d84db00bd7525fb5164cb3b13f0a0b\">Prof. dr. sc. Gordana Mar\u010deti\u0107<\/h2>\n\n\n\n<div class=\"wp-block-columns are-vertically-aligned-center is-layout-flex wp-container-core-columns-is-layout-9d6595d7 wp-block-columns-is-layout-flex\">\n<div class=\"wp-block-column is-vertically-aligned-center is-layout-flow wp-block-column-is-layout-flow\"><div class=\"wp-block-image\">\n<figure class=\"aligncenter size-full is-resized\"><img loading=\"lazy\" decoding=\"async\" width=\"943\" height=\"854\" src=\"https:\/\/marcetic.hr\/wp-content\/uploads\/2024\/11\/gordana-marc\u030cetic\u0301-pravo.jpg\" alt=\"Gordana Mar\u010deti\u0107\" class=\"wp-image-2203\" style=\"object-fit:cover;width:446px;height:446px\" srcset=\"https:\/\/marcetic.hr\/wp-content\/uploads\/2024\/11\/gordana-marc\u030cetic\u0301-pravo.jpg 943w, https:\/\/marcetic.hr\/wp-content\/uploads\/2024\/11\/gordana-marc\u030cetic\u0301-pravo-300x272.jpg 300w, https:\/\/marcetic.hr\/wp-content\/uploads\/2024\/11\/gordana-marc\u030cetic\u0301-pravo-768x696.jpg 768w\" sizes=\"auto, (max-width: 943px) 100vw, 943px\" \/><\/figure>\n<\/div><\/div>\n\n\n\n<div class=\"wp-block-column is-vertically-aligned-center is-layout-flow wp-block-column-is-layout-flow\">\n<p>Diplomirala je na Pravnom fakultetu Sveu\u010dili\u0161ta u Zagrebu, gdje je kroz desetlje\u0107a rada stekla prepoznatljivo mjesto u pravnoj znanosti i praksi javne uprave u Hrvatskoj.<\/p>\n\n\n\n<p>Od po\u010detaka u dr\u017eavnim slu\u017ebama, razvila je bogatu karijeru koja obuhva\u0107a radno iskustvo u javnoj upravi, sudjelovanje u brojnim znanstvenim projektima, kao i predanost obrazovanju kroz rad na Pravnom fakultetu. <\/p>\n\n\n\n<p>Istaknula se kao stru\u010dnjakinja u podru\u010dju slu\u017ebeni\u010dkog zakonodavstva, reforme javne uprave i antikorupcijskih mjera, sudjeluju\u0107i u radnim skupinama i savjetodavnim tijelima. Objavila je brojne znanstvene i stru\u010dne radove, odr\u017eavala nastavu na preddiplomskoj, diplomskoj i poslijediplomskoj razini, te vodila specijalisti\u010dke i doktorske studije.<\/p>\n<\/div>\n<\/div>\n\n\n\n<h2 class=\"wp-block-heading has-text-align-left has-base-color has-contrast-background-color has-text-color has-background has-link-color wp-elements-2af73e21bdbd01d874a871673ebed6e3\">Mag. iur. Viktor Mar\u010deti\u0107<\/h2>\n\n\n\n<div class=\"wp-block-columns is-layout-flex wp-container-core-columns-is-layout-9d6595d7 wp-block-columns-is-layout-flex\">\n<div class=\"wp-block-column is-layout-flow wp-block-column-is-layout-flow\">\n<figure class=\"wp-block-image size-large is-resized\"><img loading=\"lazy\" decoding=\"async\" width=\"804\" height=\"1024\" src=\"https:\/\/marcetic.hr\/wp-content\/uploads\/2026\/03\/Viktor-Marcetic-pravo-804x1024.jpeg\" alt=\"Viktor Mar\u010deti\u0107\" class=\"wp-image-2674\" style=\"object-fit:contain;width:446px;height:446px\" srcset=\"https:\/\/marcetic.hr\/wp-content\/uploads\/2026\/03\/Viktor-Marcetic-pravo-804x1024.jpeg 804w, https:\/\/marcetic.hr\/wp-content\/uploads\/2026\/03\/Viktor-Marcetic-pravo-236x300.jpeg 236w, https:\/\/marcetic.hr\/wp-content\/uploads\/2026\/03\/Viktor-Marcetic-pravo-768x978.jpeg 768w, https:\/\/marcetic.hr\/wp-content\/uploads\/2026\/03\/Viktor-Marcetic-pravo-1206x1536.jpeg 1206w, https:\/\/marcetic.hr\/wp-content\/uploads\/2026\/03\/Viktor-Marcetic-pravo.jpeg 1256w\" sizes=\"auto, (max-width: 804px) 100vw, 804px\" \/><\/figure>\n<\/div>\n\n\n\n<div class=\"wp-block-column is-layout-flow wp-block-column-is-layout-flow\">\n<p><strong>Viktor Mar\u010deti\u0107<\/strong> diplomirao je na Pravnom fakultetu Sveu\u010dili\u0161ta u Osijeku 2021. godine. Tijekom profesionalnog razvoja stekao je iskustvo radom u odvjetni\u010dkim uredima, uklju\u010duju\u0107i ured \u010cede Prodanovi\u0107a, ured Inge Slijep\u010devi\u0107 te uredu Hondl, Koni\u0107, \u0160imunovi\u0107, Batur i partneri, gdje je sudjelovao u radu na razli\u010ditim pravnim predmetima iz svih podru\u010dja prava.<\/p>\n\n\n\n<p>Nekoliko godina \u017eivio je i radio u Sjedinjenim Ameri\u010dkim Dr\u017eavama, \u0161to mu je omogu\u0107ilo stjecanje me\u0111unarodnog iskustva, razvijanje profesionalne prilagodljivosti te napredne komunikacijske vje\u0161tine u me\u0111unarodnom okru\u017eenju. <\/p>\n\n\n\n<p>Pravosudni ispit polo\u017eio je 2025. godine. Posjeduje znanje engleskog jezika na razini C2 prema Zajedni\u010dkom europskom referentnom okviru za jezike, \u0161to mu omogu\u0107uje pru\u017eanje pravnog savjetovanja i komunikaciju s inozemnim klijentima na najvi\u0161oj profesionalnoj razini.<\/p>\n<\/div>\n<\/div>\n","protected":false},"excerpt":{"rendered":"<p>O NAMA U MAGOSu svakom klijentu pristupamo s jasno\u0107om, predano\u0161\u0107u i dubokim razumijevanjem pravnih izazova s kojima se suo\u010davate. Na\u0161a je misija pojednostaviti pravne procese i pru\u017eiti vam jasnu, stru\u010dno utemeljenu podr\u0161ku \u2014 bilo da se radi o osnovnim pravnim &#8230; <\/p>\n<p class=\"read-more-container\"><a title=\"O nama\" class=\"read-more button\" href=\"https:\/\/marcetic.hr\/index.php\/o-nama\/#more-2194\" aria-label=\"Read more about O nama\">Read More<\/a><\/p>\n","protected":false},"author":1,"featured_media":0,"parent":0,"menu_order":0,"comment_status":"closed","ping_status":"closed","template":"","meta":{"om_disable_all_campaigns":false,"_monsterinsights_skip_tracking":false,"_monsterinsights_sitenote_active":false,"_monsterinsights_sitenote_note":"","_monsterinsights_sitenote_category":0,"_uf_show_specific_survey":0,"_uf_disable_surveys":false,"footnotes":""},"class_list":["post-2194","page","type-page","status-publish"],"aioseo_notices":[],"_links":{"self":[{"href":"https:\/\/marcetic.hr\/index.php\/wp-json\/wp\/v2\/pages\/2194","targetHints":{"allow":["GET"]}}],"collection":[{"href":"https:\/\/marcetic.hr\/index.php\/wp-json\/wp\/v2\/pages"}],"about":[{"href":"https:\/\/marcetic.hr\/index.php\/wp-json\/wp\/v2\/types\/page"}],"author":[{"embeddable":true,"href":"https:\/\/marcetic.hr\/index.php\/wp-json\/wp\/v2\/users\/1"}],"replies":[{"embeddable":true,"href":"https:\/\/marcetic.hr\/index.php\/wp-json\/wp\/v2\/comments?post=2194"}],"version-history":[{"count":20,"href":"https:\/\/marcetic.hr\/index.php\/wp-json\/wp\/v2\/pages\/2194\/revisions"}],"predecessor-version":[{"id":2694,"href":"https:\/\/marcetic.hr\/index.php\/wp-json\/wp\/v2\/pages\/2194\/revisions\/2694"}],"wp:attachment":[{"href":"https:\/\/marcetic.hr\/index.php\/wp-json\/wp\/v2\/media?parent=2194"}],"curies":[{"name":"wp","href":"https:\/\/api.w.org\/{rel}","templated":true}]}}

<h1 class="wp-block-heading has-base-color has-contrast-background-color has-text-color has-background has-link-color wp-elements-4640b89ede0bd1f71520dddbea8c81c1">O NAMA</h1>



<p>U MAGOSu svakom klijentu pristupamo s jasnoćom, predanošću i dubokim razumijevanjem pravnih izazova s kojima se suočavate. Naša je misija pojednostaviti pravne procese i pružiti vam jasnu, stručno utemeljenu podršku — bilo da se radi o osnovnim pravnim pitanjima ili zahtjevnim postupcima javne nabave.</p>



<p>Svjesni smo da pravna pitanja mogu biti stresna i nejasna, zato komuniciramo razumljivo i bez nepotrebnog žargona, fokusirajući se na praktična rješenja koja možete primijeniti odmah. Bilo da vam je potrebna pravna analiza, priprema dokumentacije, ili strateško savjetovanje prije pokretanja postupka — uz nas imate partnera koji vas vodi kroz svaki korak.</p>



<p>Naše usluge temelje se na iskustvu, profesionalnosti i predanosti vašem najboljem interesu. Vjerujemo u transparentnost, jasnoću i povjerenje, a svaki slučaj tretiramo individualno, sa jasnim planom i fokusom na rezultat koji želite ostvariti.</p>



<h2 class="wp-block-heading has-base-color has-contrast-background-color has-text-color has-background has-link-color wp-elements-24d84db00bd7525fb5164cb3b13f0a0b">Prof. dr. sc. Gordana Marčetić</h2>



<div class="wp-block-columns are-vertically-aligned-center is-layout-flex wp-container-core-columns-is-layout-9d6595d7 wp-block-columns-is-layout-flex">
<div class="wp-block-column is-vertically-aligned-center is-layout-flow wp-block-column-is-layout-flow"><div class="wp-block-image">
<figure class="aligncenter size-full is-resized"><img loading="lazy" decoding="async" width="943" height="854" src="https://marcetic.hr/wp-content/uploads/2024/11/gordana-marčetić-pravo.jpg" alt="Gordana Marčetić" class="wp-image-2203" style="object-fit:cover;width:446px;height:446px" srcset="https://marcetic.hr/wp-content/uploads/2024/11/gordana-marčetić-pravo.jpg 943w, https://marcetic.hr/wp-content/uploads/2024/11/gordana-marčetić-pravo-300x272.jpg 300w, https://marcetic.hr/wp-content/uploads/2024/11/gordana-marčetić-pravo-768x696.jpg 768w" sizes="auto, (max-width: 943px) 100vw, 943px" /></figure>
</div></div>



<div class="wp-block-column is-vertically-aligned-center is-layout-flow wp-block-column-is-layout-flow">
<p>Diplomirala je na Pravnom fakultetu Sveučilišta u Zagrebu, gdje je kroz desetljeća rada stekla prepoznatljivo mjesto u pravnoj znanosti i praksi javne uprave u Hrvatskoj.</p>



<p>Od početaka u državnim službama, razvila je bogatu karijeru koja obuhvaća radno iskustvo u javnoj upravi, sudjelovanje u brojnim znanstvenim projektima, kao i predanost obrazovanju kroz rad na Pravnom fakultetu. </p>



<p>Istaknula se kao stručnjakinja u području službeničkog zakonodavstva, reforme javne uprave i antikorupcijskih mjera, sudjelujući u radnim skupinama i savjetodavnim tijelima. Objavila je brojne znanstvene i stručne radove, održavala nastavu na preddiplomskoj, diplomskoj i poslijediplomskoj razini, te vodila specijalističke i doktorske studije.</p>
</div>
</div>



<h2 class="wp-block-heading has-text-align-left has-base-color has-contrast-background-color has-text-color has-background has-link-color wp-elements-2af73e21bdbd01d874a871673ebed6e3">Mag. iur. Viktor Marčetić</h2>



<div class="wp-block-columns is-layout-flex wp-container-core-columns-is-layout-9d6595d7 wp-block-columns-is-layout-flex">
<div class="wp-block-column is-layout-flow wp-block-column-is-layout-flow">
<figure class="wp-block-image size-large is-resized"><img loading="lazy" decoding="async" width="804" height="1024" src="https://marcetic.hr/wp-content/uploads/2026/03/Viktor-Marcetic-pravo-804x1024.jpeg" alt="Viktor Marčetić" class="wp-image-2674" style="object-fit:contain;width:446px;height:446px" srcset="https://marcetic.hr/wp-content/uploads/2026/03/Viktor-Marcetic-pravo-804x1024.jpeg 804w, https://marcetic.hr/wp-content/uploads/2026/03/Viktor-Marcetic-pravo-236x300.jpeg 236w, https://marcetic.hr/wp-content/uploads/2026/03/Viktor-Marcetic-pravo-768x978.jpeg 768w, https://marcetic.hr/wp-content/uploads/2026/03/Viktor-Marcetic-pravo-1206x1536.jpeg 1206w, https://marcetic.hr/wp-content/uploads/2026/03/Viktor-Marcetic-pravo.jpeg 1256w" sizes="auto, (max-width: 804px) 100vw, 804px" /></figure>
</div>



<div class="wp-block-column is-layout-flow wp-block-column-is-layout-flow">
<p><strong>Viktor Marčetić</strong> diplomirao je na Pravnom fakultetu Sveučilišta u Osijeku 2021. godine. Tijekom profesionalnog razvoja stekao je iskustvo radom u odvjetničkim uredima, uključujući ured Čede Prodanovića, ured Inge Slijepčević te uredu Hondl, Konić, Šimunović, Batur i partneri, gdje je sudjelovao u radu na različitim pravnim predmetima iz svih područja prava.</p>



<p>Nekoliko godina živio je i radio u Sjedinjenim Američkim Državama, što mu je omogućilo stjecanje međunarodnog iskustva, razvijanje profesionalne prilagodljivosti te napredne komunikacijske vještine u međunarodnom okruženju. </p>



<p>Pravosudni ispit položio je 2025. godine. Posjeduje znanje engleskog jezika na razini C2 prema Zajedničkom europskom referentnom okviru za jezike, što mu omogućuje pružanje pravnog savjetovanja i komunikaciju s inozemnim klijentima na najvišoj profesionalnoj razini.</p>
</div>
</div>

<p>O NAMA U MAGOSu svakom klijentu pristupamo s jasnoćom, predanošću i dubokim razumijevanjem pravnih izazova s kojima se suočavate. Naša je misija pojednostaviti pravne procese i pružiti vam jasnu, stručno utemeljenu podršku — bilo da se radi o osnovnim pravnim &#8230; </p>
<p class="read-more-container"><a title="O nama" class="read-more button" href="https://marcetic.hr/index.php/o-nama/#more-2194" aria-label="Read more about O nama">Read More</a></p>
